{"id":121,"date":"2013-02-22T18:23:20","date_gmt":"2013-02-22T18:23:20","guid":{"rendered":"http:\/\/python.bretagne.iufm.fr\/enseigner-maths-dnl\/?page_id=121"},"modified":"2019-06-19T09:44:15","modified_gmt":"2019-06-19T09:44:15","slug":"memory","status":"publish","type":"page","link":"https:\/\/enseigner-maths-dnl.espe-bretagne.fr\/?page_id=121","title":{"rendered":"Memory"},"content":{"rendered":"<table border=\"2\" cellspacing=\"0\" cellpadding=\"2\">\n<tbody>\n<tr>\n<td align=\"center\" width=\"20%\">Objectifs<\/td>\n<td>\n<ul>\n<li>Amener les \u00e9l\u00e8ves \u00e0 utiliser le vocabulaire appris sur une p\u00e9riode d\u00e9termin\u00e9e.<\/li>\n<li>Permettre aux \u00e9l\u00e8ves de r\u00e9utiliser ce vocabulaire.<\/li>\n<li>Associer des mots de m\u00eame famille ou commun \u00e0 une m\u00eame notion<\/li>\n<\/ul>\n<\/td>\n<\/tr>\n<tr>\n<td align=\"center\">Pr\u00e9-requis<\/td>\n<td>\n<ul>\n<li>L&#8217;\u00e9tude en classe des sujets abord\u00e9s par le jeu.<\/li>\n<\/ul>\n<\/td>\n<\/tr>\n<tr>\n<td align=\"center\">Niveau(x)<\/td>\n<td>\n<ul>\n<li>Tout niveau, d\u00e8s que les \u00e9l\u00e8ves savent faire des phrases.<\/li>\n<\/ul>\n<\/td>\n<\/tr>\n<tr>\n<td align=\"center\">Dur\u00e9e<\/td>\n<td>\n<ul>\n<li>En fonction du nombre de cartes dispos\u00e9es sur la table.<\/li>\n<\/ul>\n<\/td>\n<\/tr>\n<\/tbody>\n<\/table>\n<p><a href=\"http:\/\/python.espe-bretagne.fr\/enseigner-maths-dnl\/wp-content\/uploads\/2013\/02\/MemoryFicheDuJeu1.pdf\">Fiche descriptive<\/a><\/p>\n<p><a href=\".\/wp-content\/uploads\/2013\/02\/jeux_memo.doc\">Jeu de carte<\/a><\/p>\n","protected":false},"excerpt":{"rendered":"<p>Objectifs Amener les \u00e9l\u00e8ves \u00e0 utiliser le vocabulaire appris sur une p\u00e9riode d\u00e9termin\u00e9e. Permettre aux \u00e9l\u00e8ves de r\u00e9utiliser ce vocabulaire. Associer des mots de m\u00eame famille ou commun \u00e0 une m\u00eame notion Pr\u00e9-requis L&#8217;\u00e9tude en classe des sujets abord\u00e9s par le jeu. Niveau(x) Tout niveau, d\u00e8s que les \u00e9l\u00e8ves savent faire des phrases. Dur\u00e9e En &hellip; <\/p>\n<p class=\"link-more\"><a href=\"https:\/\/enseigner-maths-dnl.espe-bretagne.fr\/?page_id=121\" class=\"more-link\">Continue reading<span class=\"screen-reader-text\"> &#8220;Memory&#8221;<\/span><\/a><\/p>\n","protected":false},"author":3,"featured_media":0,"parent":47,"menu_order":0,"comment_status":"closed","ping_status":"open","template":"onecolumn-page.php","meta":{"footnotes":""},"class_list":["post-121","page","type-page","status-publish","hentry"],"_links":{"self":[{"href":"https:\/\/enseigner-maths-dnl.espe-bretagne.fr\/index.php?rest_route=\/wp\/v2\/pages\/121","targetHints":{"allow":["GET"]}}],"collection":[{"href":"https:\/\/enseigner-maths-dnl.espe-bretagne.fr\/index.php?rest_route=\/wp\/v2\/pages"}],"about":[{"href":"https:\/\/enseigner-maths-dnl.espe-bretagne.fr\/index.php?rest_route=\/wp\/v2\/types\/page"}],"author":[{"embeddable":true,"href":"https:\/\/enseigner-maths-dnl.espe-bretagne.fr\/index.php?rest_route=\/wp\/v2\/users\/3"}],"replies":[{"embeddable":true,"href":"https:\/\/enseigner-maths-dnl.espe-bretagne.fr\/index.php?rest_route=%2Fwp%2Fv2%2Fcomments&post=121"}],"version-history":[{"count":9,"href":"https:\/\/enseigner-maths-dnl.espe-bretagne.fr\/index.php?rest_route=\/wp\/v2\/pages\/121\/revisions"}],"predecessor-version":[{"id":796,"href":"https:\/\/enseigner-maths-dnl.espe-bretagne.fr\/index.php?rest_route=\/wp\/v2\/pages\/121\/revisions\/796"}],"up":[{"embeddable":true,"href":"https:\/\/enseigner-maths-dnl.espe-bretagne.fr\/index.php?rest_route=\/wp\/v2\/pages\/47"}],"wp:attachment":[{"href":"https:\/\/enseigner-maths-dnl.espe-bretagne.fr\/index.php?rest_route=%2Fwp%2Fv2%2Fmedia&parent=121"}],"curies":[{"name":"wp","href":"https:\/\/api.w.org\/{rel}","templated":true}]}}