{"id":18,"date":"2013-01-28T19:04:50","date_gmt":"2013-01-28T19:04:50","guid":{"rendered":"http:\/\/python.bretagne.iufm.fr\/enseigner-maths-dnl\/?page_id=18"},"modified":"2019-06-19T09:43:27","modified_gmt":"2019-06-19T09:43:27","slug":"par-type-dactivite","status":"publish","type":"page","link":"https:\/\/enseigner-maths-dnl.espe-bretagne.fr\/?page_id=18","title":{"rendered":"Activit\u00e9s par type"},"content":{"rendered":"<p>Nous avons \u00e9labor\u00e9 et test\u00e9 en classe un certain nombre d&#8217;activit\u00e9s. Vous pouvez ici acc\u00e9der \u00e0 ces activit\u00e9s class\u00e9es par type. Vous retrouverez ces m\u00eames activit\u00e9s, class\u00e9es par niveau de classe, ou par th\u00e8me.<\/p>\n<p>Nous avons retenu 4 types d&#8217;activit\u00e9s :<\/p>\n<p>&#8211; Warming up : \u00e9chauffement, \u00e0 faire en d\u00e9but de s\u00e9ance ;<\/p>\n<p>&#8211; Vocabulary : acquisition ou mobilisation de vocabulaire ;<\/p>\n<p>&#8211; Training : r\u00e9investissement du vocabulaire ;<\/p>\n<p>&#8211; Let&#8217;s play : r\u00e9visions ludiques<\/p>\n","protected":false},"excerpt":{"rendered":"<p>Nous avons \u00e9labor\u00e9 et test\u00e9 en classe un certain nombre d&#8217;activit\u00e9s. Vous pouvez ici acc\u00e9der \u00e0 ces activit\u00e9s class\u00e9es par type. Vous retrouverez ces m\u00eames activit\u00e9s, class\u00e9es par niveau de classe, ou par th\u00e8me. Nous avons retenu 4 types d&#8217;activit\u00e9s : &#8211; Warming up : \u00e9chauffement, \u00e0 faire en d\u00e9but de s\u00e9ance ; &#8211; Vocabulary &hellip; <\/p>\n<p class=\"link-more\"><a href=\"https:\/\/enseigner-maths-dnl.espe-bretagne.fr\/?page_id=18\" class=\"more-link\">Continue reading<span class=\"screen-reader-text\"> &#8220;Activit\u00e9s par type&#8221;<\/span><\/a><\/p>\n","protected":false},"author":2,"featured_media":0,"parent":0,"menu_order":0,"comment_status":"closed","ping_status":"open","template":"","meta":{"footnotes":""},"class_list":["post-18","page","type-page","status-publish","hentry"],"_links":{"self":[{"href":"https:\/\/enseigner-maths-dnl.espe-bretagne.fr\/index.php?rest_route=\/wp\/v2\/pages\/18","targetHints":{"allow":["GET"]}}],"collection":[{"href":"https:\/\/enseigner-maths-dnl.espe-bretagne.fr\/index.php?rest_route=\/wp\/v2\/pages"}],"about":[{"href":"https:\/\/enseigner-maths-dnl.espe-bretagne.fr\/index.php?rest_route=\/wp\/v2\/types\/page"}],"author":[{"embeddable":true,"href":"https:\/\/enseigner-maths-dnl.espe-bretagne.fr\/index.php?rest_route=\/wp\/v2\/users\/2"}],"replies":[{"embeddable":true,"href":"https:\/\/enseigner-maths-dnl.espe-bretagne.fr\/index.php?rest_route=%2Fwp%2Fv2%2Fcomments&post=18"}],"version-history":[{"count":8,"href":"https:\/\/enseigner-maths-dnl.espe-bretagne.fr\/index.php?rest_route=\/wp\/v2\/pages\/18\/revisions"}],"predecessor-version":[{"id":795,"href":"https:\/\/enseigner-maths-dnl.espe-bretagne.fr\/index.php?rest_route=\/wp\/v2\/pages\/18\/revisions\/795"}],"wp:attachment":[{"href":"https:\/\/enseigner-maths-dnl.espe-bretagne.fr\/index.php?rest_route=%2Fwp%2Fv2%2Fmedia&parent=18"}],"curies":[{"name":"wp","href":"https:\/\/api.w.org\/{rel}","templated":true}]}}