{"id":77,"date":"2013-02-22T14:49:06","date_gmt":"2013-02-22T14:49:06","guid":{"rendered":"http:\/\/python.bretagne.iufm.fr\/enseigner-maths-dnl\/?page_id=77"},"modified":"2019-06-19T09:49:59","modified_gmt":"2019-06-19T09:49:59","slug":"dominoes","status":"publish","type":"page","link":"https:\/\/enseigner-maths-dnl.espe-bretagne.fr\/?page_id=77","title":{"rendered":"Dominoes"},"content":{"rendered":"<p><strong>&nbsp;<\/strong><\/p>\n<table border=\"2\" cellspacing=\"0\" cellpadding=\"2\">\n<tbody>\n<tr>\n<td align=\"center\" width=\"25%\">Objectifs<\/td>\n<td>\n<ul>\n<li>M\u00e9moriser (et savoir lire) le vocabulaire sur les fractions.<\/li>\n<\/ul>\n<\/td>\n<\/tr>\n<tr>\n<td align=\"center\">Pr\u00e9-requis<\/td>\n<td>\n<ul>\n<li>Conna\u00eetre les op\u00e9rations de base (+ ; &#8211; ; x ; \/) sur les fractions.<\/li>\n<\/ul>\n<\/td>\n<\/tr>\n<tr>\n<td align=\"center\">Niveau(x)<\/td>\n<td>\n<ul>\n<li>Seconde (ou fin de troisi\u00e8me)<\/li>\n<\/ul>\n<\/td>\n<\/tr>\n<tr>\n<td align=\"center\">Dur\u00e9e<\/td>\n<td>\n<ul>\n<li>30 min : 10 \u00e0 15 min de jeu et 10 min de correction<\/li>\n<\/ul>\n<\/td>\n<\/tr>\n<\/tbody>\n<\/table>\n<p><a href=\"http:\/\/python.espe-bretagne.fr\/enseigner-maths-dnl\/wp-content\/uploads\/2013\/02\/Dominoes-Fractions-FicheDuJeu.pdf\">Fiche descriptive<\/a><\/p>\n<p><a href=\"http:\/\/python.espe-bretagne.fr\/enseigner-maths-dnl\/wp-content\/uploads\/2013\/02\/Dominoes-Fractions-materials1.pdf\">Le jeu de dominos<\/a><\/p>\n<p><a href=\"http:\/\/python.espe-bretagne.fr\/enseigner-maths-dnl\/wp-content\/uploads\/2013\/02\/Dominoes-Fractions-lessonForStudents1.pdf\">La le\u00e7on pour les \u00e9l\u00e8ves (\u00e0 distribuer en fin de s\u00e9ance)<\/a><\/p>\n<p><img loading=\"lazy\" decoding=\"async\" class=\"aligncenter size-full wp-image-569\" alt=\"dominoes\" src=\"http:\/\/python.espe-bretagne.fr\/enseigner-maths-dnl\/wp-content\/uploads\/2013\/02\/dominoes.png\" width=\"256\" height=\"138\"><\/p>\n","protected":false},"excerpt":{"rendered":"<p>&nbsp; Objectifs M\u00e9moriser (et savoir lire) le vocabulaire sur les fractions. Pr\u00e9-requis Conna\u00eetre les op\u00e9rations de base (+ ; &#8211; ; x ; \/) sur les fractions. Niveau(x) Seconde (ou fin de troisi\u00e8me) Dur\u00e9e 30 min : 10 \u00e0 15 min de jeu et 10 min de correction Fiche descriptive Le jeu de dominos La &hellip; <\/p>\n<p class=\"link-more\"><a href=\"https:\/\/enseigner-maths-dnl.espe-bretagne.fr\/?page_id=77\" class=\"more-link\">Continue reading<span class=\"screen-reader-text\"> &#8220;Dominoes&#8221;<\/span><\/a><\/p>\n","protected":false},"author":2,"featured_media":0,"parent":42,"menu_order":0,"comment_status":"closed","ping_status":"open","template":"onecolumn-page.php","meta":{"footnotes":""},"class_list":["post-77","page","type-page","status-publish","hentry"],"_links":{"self":[{"href":"https:\/\/enseigner-maths-dnl.espe-bretagne.fr\/index.php?rest_route=\/wp\/v2\/pages\/77","targetHints":{"allow":["GET"]}}],"collection":[{"href":"https:\/\/enseigner-maths-dnl.espe-bretagne.fr\/index.php?rest_route=\/wp\/v2\/pages"}],"about":[{"href":"https:\/\/enseigner-maths-dnl.espe-bretagne.fr\/index.php?rest_route=\/wp\/v2\/types\/page"}],"author":[{"embeddable":true,"href":"https:\/\/enseigner-maths-dnl.espe-bretagne.fr\/index.php?rest_route=\/wp\/v2\/users\/2"}],"replies":[{"embeddable":true,"href":"https:\/\/enseigner-maths-dnl.espe-bretagne.fr\/index.php?rest_route=%2Fwp%2Fv2%2Fcomments&post=77"}],"version-history":[{"count":20,"href":"https:\/\/enseigner-maths-dnl.espe-bretagne.fr\/index.php?rest_route=\/wp\/v2\/pages\/77\/revisions"}],"predecessor-version":[{"id":809,"href":"https:\/\/enseigner-maths-dnl.espe-bretagne.fr\/index.php?rest_route=\/wp\/v2\/pages\/77\/revisions\/809"}],"up":[{"embeddable":true,"href":"https:\/\/enseigner-maths-dnl.espe-bretagne.fr\/index.php?rest_route=\/wp\/v2\/pages\/42"}],"wp:attachment":[{"href":"https:\/\/enseigner-maths-dnl.espe-bretagne.fr\/index.php?rest_route=%2Fwp%2Fv2%2Fmedia&parent=77"}],"curies":[{"name":"wp","href":"https:\/\/api.w.org\/{rel}","templated":true}]}}